{"id":99,"date":"2025-05-19T09:35:30","date_gmt":"2025-05-19T09:35:30","guid":{"rendered":"https:\/\/anicon.hr\/?page_id=99"},"modified":"2025-06-10T11:47:20","modified_gmt":"2025-06-10T11:47:20","slug":"izjava-o-privatnosti","status":"publish","type":"page","link":"https:\/\/anicon.hr\/index.php\/hr\/izjava-o-privatnosti\/","title":{"rendered":"Izjava o privatnosti"},"content":{"rendered":"<p class=\"\" data-start=\"3962\" data-end=\"4026\"><strong data-start=\"3962\" data-end=\"3976\">Tko smo mi<\/strong><br data-start=\"3976\" data-end=\"3979\" \/>Adresa na\u0161e web stranice je: <a class=\"\" href=\"https:\/\/anicon.hr\/\" target=\"_new\" rel=\"noopener\" data-start=\"4008\" data-end=\"4025\">https:\/\/anicon.hr<\/a>.<\/p>\n<p class=\"\" data-start=\"4028\" data-end=\"4556\"><strong data-start=\"4028\" data-end=\"4041\">Komentari<\/strong><br data-start=\"4041\" data-end=\"4044\" \/>Kada posjetitelji ostave komentare na stranici, prikupljamo podatke prikazane u obrascu za komentare, kao i IP adresu posjetitelja i korisni\u010dki agent preglednika radi otkrivanja ne\u017eeljene po\u0161te (spama).<br data-start=\"4246\" data-end=\"4249\" \/>Anonimizirani niz (tzv. hash) izra\u0111en iz va\u0161e e-mail adrese mo\u017ee se poslati Gravatar servisu kako bi se provjerilo koristite li ga. Pravila privatnosti Gravatara dostupna su ovdje: <a class=\"\" href=\"https:\/\/automattic.com\/privacy\/\" target=\"_new\" rel=\"noopener\" data-start=\"4430\" data-end=\"4461\">https:\/\/automattic.com\/privacy\/<\/a>.<br data-start=\"4462\" data-end=\"4465\" \/>Nakon odobrenja komentara, va\u0161a profilna slika bit \u0107e javno vidljiva u kontekstu komentara.<\/p>\n<p class=\"\" data-start=\"4558\" data-end=\"4760\"><strong data-start=\"4558\" data-end=\"4568\">Mediji<\/strong><br data-start=\"4568\" data-end=\"4571\" \/>Ako prenesete slike na web stranicu, trebali biste izbjegavati slike koje sadr\u017ee podatke o lokaciji (EXIF GPS). Posjetitelji web stranice mogu preuzeti i izvu\u0107i podatke o lokaciji iz slika.<\/p>\n<p class=\"\" data-start=\"4762\" data-end=\"5746\"><strong data-start=\"4762\" data-end=\"4784\">Kola\u010di\u0107i (Cookies)<\/strong><br data-start=\"4784\" data-end=\"4787\" \/>Ako ostavite komentar na na\u0161oj web stranici, mo\u017eete pristati na spremanje va\u0161eg imena, e-mail adrese i web stranice u kola\u010di\u0107e. To je radi va\u0161e udobnosti, kako ne biste morali ponovno unositi te podatke. Ovi kola\u010di\u0107i traju godinu dana.<br data-start=\"5022\" data-end=\"5025\" \/>Ako posjetite stranicu za prijavu, postavit \u0107emo privremeni kola\u010di\u0107 kako bismo provjerili prihva\u0107a li va\u0161 preglednik kola\u010di\u0107e. Taj kola\u010di\u0107 ne sadr\u017ei osobne podatke i bri\u0161e se kada zatvorite preglednik.<br data-start=\"5226\" data-end=\"5229\" \/>Kada se prijavite, postavljamo nekoliko kola\u010di\u0107a kako bismo spremili podatke o prijavi i va\u0161im prikaznim postavkama. Kola\u010di\u0107i za prijavu traju dva dana, a kola\u010di\u0107i za prikazne postavke jednu godinu. Ako odaberete opciju \u201eZapamti me\u201c, prijava \u0107e trajati dva tjedna. Kada se odjavite, kola\u010di\u0107i za prijavu bit \u0107e uklonjeni.<br data-start=\"5549\" data-end=\"5552\" \/>Ako uredite ili objavite \u010dlanak, dodatni kola\u010di\u0107 bit \u0107e spremljen u va\u0161 preglednik. Taj kola\u010di\u0107 ne sadr\u017ei osobne podatke, ve\u0107 samo ozna\u010dava ID \u010dlanka koji ste uredili. Istje\u010de nakon jednog dana.<\/p>\n<p class=\"\" data-start=\"5748\" data-end=\"6248\"><strong data-start=\"5748\" data-end=\"5791\">Ugra\u0111eni sadr\u017eaji s drugih web stranica<\/strong><br data-start=\"5791\" data-end=\"5794\" \/>\u010clanci na ovoj web stranici mogu sadr\u017eavati ugra\u0111eni sadr\u017eaj (npr. videozapise, slike, \u010dlanke). Ugra\u0111eni sadr\u017eaj s drugih web stranica pona\u0161a se jednako kao da je posjetitelj posjetio tu drugu web stranicu.<br data-start=\"6000\" data-end=\"6003\" \/>Te web stranice mogu prikupljati podatke o vama, koristiti kola\u010di\u0107e, dodavati dodatne alate za pra\u0107enje tre\u0107ih strana i pratiti va\u0161u interakciju s ugra\u0111enim sadr\u017eajem, uklju\u010duju\u0107i i pra\u0107enje ako imate ra\u010dun i prijavljeni ste na toj web stranici.<\/p>\n<p class=\"\" data-start=\"6250\" data-end=\"6375\"><strong data-start=\"6250\" data-end=\"6281\">S kim dijelimo va\u0161e podatke<\/strong><br data-start=\"6281\" data-end=\"6284\" \/>Ako zatra\u017eite resetiranje lozinke, va\u0161a IP adresa bit \u0107e uklju\u010dena u e-mail za resetiranje.<\/p>\n<p class=\"\" data-start=\"6377\" data-end=\"6902\"><strong data-start=\"6377\" data-end=\"6416\">Koliko dugo zadr\u017eavamo va\u0161e podatke<\/strong><br data-start=\"6416\" data-end=\"6419\" \/>Ako ostavite komentar, komentar i njegovi metapodaci \u010duvaju se neograni\u010deno. Tako mo\u017eemo automatski prepoznati i odobriti sve daljnje komentare.<br data-start=\"6563\" data-end=\"6566\" \/>Za korisnike koji se registriraju na na\u0161oj web stranici (ako ih ima), pohranjujemo i osobne podatke koje su naveli u svom korisni\u010dkom profilu. Svi korisnici mogu vidjeti, ure\u0111ivati ili izbrisati svoje osobne podatke u bilo kojem trenutku (osim korisni\u010dkog imena). Administratori web stranice tako\u0111er mogu vidjeti i ure\u0111ivati te podatke.<\/p>\n<p class=\"\" data-start=\"6904\" data-end=\"7299\"><strong data-start=\"6904\" data-end=\"6944\">Koja prava imate nad svojim podacima<\/strong><br data-start=\"6944\" data-end=\"6947\" \/>Ako imate ra\u010dun na ovoj web stranici ili ste ostavili komentare, mo\u017eete zatra\u017eiti izvoz svojih osobnih podataka koje pohranjujemo, uklju\u010duju\u0107i i one koje ste nam dostavili. Tako\u0111er mo\u017eete zatra\u017eiti brisanje svih osobnih podataka koje imamo o vama. Ovo ne uklju\u010duje podatke koje smo obvezni \u010duvati zbog administrativnih, pravnih ili sigurnosnih razloga.<\/p>\n<p class=\"\" data-start=\"7301\" data-end=\"7438\"><strong data-start=\"7301\" data-end=\"7330\">Gdje se \u0161alju va\u0161i podaci<\/strong><br data-start=\"7330\" data-end=\"7333\" \/>Komentari posjetitelja mogu se provjeravati putem automatske usluge za otkrivanje ne\u017eeljene po\u0161te (spam).<\/p>\n","protected":false},"excerpt":{"rendered":"<p>Tko smo miAdresa na\u0161e web stranice je: https:\/\/anicon.hr. KomentariKada posjetitelji ostave komentare na stranici, prikupljamo podatke prikazane u obrascu za komentare, kao i IP adresu posjetitelja i korisni\u010dki agent preglednika radi otkrivanja ne\u017eeljene po\u0161te (spama).Anonimizirani niz (tzv. hash) izra\u0111en iz va\u0161e e-mail adrese mo\u017ee se poslati Gravatar servisu kako bi se provjerilo koristite li ga. [&hellip;]<\/p>\n","protected":false},"author":1,"featured_media":0,"parent":0,"menu_order":35,"comment_status":"closed","ping_status":"closed","template":"","meta":{"footnotes":""},"class_list":["post-99","page","type-page","status-publish","hentry"],"jetpack_sharing_enabled":true,"_links":{"self":[{"href":"https:\/\/anicon.hr\/index.php\/wp-json\/wp\/v2\/pages\/99","targetHints":{"allow":["GET"]}}],"collection":[{"href":"https:\/\/anicon.hr\/index.php\/wp-json\/wp\/v2\/pages"}],"about":[{"href":"https:\/\/anicon.hr\/index.php\/wp-json\/wp\/v2\/types\/page"}],"author":[{"embeddable":true,"href":"https:\/\/anicon.hr\/index.php\/wp-json\/wp\/v2\/users\/1"}],"replies":[{"embeddable":true,"href":"https:\/\/anicon.hr\/index.php\/wp-json\/wp\/v2\/comments?post=99"}],"version-history":[{"count":1,"href":"https:\/\/anicon.hr\/index.php\/wp-json\/wp\/v2\/pages\/99\/revisions"}],"predecessor-version":[{"id":100,"href":"https:\/\/anicon.hr\/index.php\/wp-json\/wp\/v2\/pages\/99\/revisions\/100"}],"wp:attachment":[{"href":"https:\/\/anicon.hr\/index.php\/wp-json\/wp\/v2\/media?parent=99"}],"curies":[{"name":"wp","href":"https:\/\/api.w.org\/{rel}","templated":true}]}}