{"id":57,"date":"2025-04-03T11:14:54","date_gmt":"2025-04-03T11:14:54","guid":{"rendered":"https:\/\/anicon.hr\/?page_id=57"},"modified":"2025-06-10T11:42:48","modified_gmt":"2025-06-10T11:42:48","slug":"startseite","status":"publish","type":"page","link":"https:\/\/anicon.hr\/","title":{"rendered":"Startseite"},"content":{"rendered":"<p class=\"p1\"><b>Willkommen bei Anicon!<\/b><\/p>\n<p><img loading=\"lazy\" decoding=\"async\" class=\"alignnone wp-image-81 size-large\" src=\"https:\/\/anicon.hr\/wp-content\/uploads\/2025\/05\/computer-820281_1280-1-1024x660.jpg\" alt=\"\" width=\"1024\" height=\"660\" srcset=\"https:\/\/anicon.hr\/wp-content\/uploads\/2025\/05\/computer-820281_1280-1-1024x660.jpg 1024w, https:\/\/anicon.hr\/wp-content\/uploads\/2025\/05\/computer-820281_1280-1-300x193.jpg 300w, https:\/\/anicon.hr\/wp-content\/uploads\/2025\/05\/computer-820281_1280-1-768x495.jpg 768w, https:\/\/anicon.hr\/wp-content\/uploads\/2025\/05\/computer-820281_1280-1.jpg 1280w\" sizes=\"auto, (max-width: 1024px) 100vw, 1024px\" \/><\/p>\n<p class=\"p3\">Als deutschsprachige Expertin mit langj\u00e4hriger Erfahrung in der Administration, Organisation und im sozialen Bereich biete ich Ihnen ma\u00dfgeschneiderte Dienstleistungen, die Ihnen helfen, sich schnell und unkompliziert in Kroatien zurechtzufinden.<\/p>\n<p class=\"p3\">Ob Sie hier leben, arbeiten, investieren oder ein Projekt starten m\u00f6chten \u2013 ich stehe Ihnen mit meiner Expertise in <span class=\"s1\"><b>administrativen Angelegenheiten<\/b><\/span>, <span class=\"s1\"><b>Projektkoordination<\/b><\/span>, <span class=\"s1\"><b>Buchhaltung<\/b><\/span> und <span class=\"s1\"><b>beh\u00f6rdlichen Prozessen<\/b><\/span> zur Seite.<\/p>\n<p class=\"p3\"><span class=\"s1\"><b>Meine Mission ist es<\/b><\/span>, Ihnen den Einstieg in Kroatien zu erleichtern. Mit pers\u00f6nlichem Engagement und einem strukturierten Ansatz \u00fcbernehme ich f\u00fcr Sie die B\u00fcrokratie, damit Sie sich auf das Wesentliche konzentrieren k\u00f6nnen.<\/p>\n<p class=\"p1\"><b>Warum mit mir arbeiten?<\/b><\/p>\n<p class=\"p4\">\u2022 \u00dcber 15 Jahre Berufserfahrung in Verwaltung, Coaching und Projektbegleitung<\/p>\n<p class=\"p4\">\u2022 Fachwissen in beh\u00f6rdlichen Prozessen und rechtlichen Vorg\u00e4ngen<\/p>\n<p class=\"p4\">\u2022 Individuelle L\u00f6sungen f\u00fcr Ihre Bed\u00fcrfnisse<\/p>\n<p class=\"p3\">Ich freue mich darauf, Sie kennenzulernen und Sie auf Ihrem Weg in Kroatien zu begleiten.<\/p>\n","protected":false},"excerpt":{"rendered":"<p>Willkommen bei Anicon! Als deutschsprachige Expertin mit langj\u00e4hriger Erfahrung in der Administration, Organisation und im sozialen Bereich biete ich Ihnen ma\u00dfgeschneiderte Dienstleistungen, die Ihnen helfen, sich schnell und unkompliziert in Kroatien zurechtzufinden. Ob Sie hier leben, arbeiten, investieren oder ein Projekt starten m\u00f6chten \u2013 ich stehe Ihnen mit meiner Expertise in administrativen Angelegenheiten, Projektkoordination, Buchhaltung [&hellip;]<\/p>\n","protected":false},"author":1,"featured_media":0,"parent":0,"menu_order":11,"comment_status":"closed","ping_status":"closed","template":"","meta":{"footnotes":""},"class_list":["post-57","page","type-page","status-publish","hentry"],"jetpack_sharing_enabled":true,"_links":{"self":[{"href":"https:\/\/anicon.hr\/index.php\/wp-json\/wp\/v2\/pages\/57","targetHints":{"allow":["GET"]}}],"collection":[{"href":"https:\/\/anicon.hr\/index.php\/wp-json\/wp\/v2\/pages"}],"about":[{"href":"https:\/\/anicon.hr\/index.php\/wp-json\/wp\/v2\/types\/page"}],"author":[{"embeddable":true,"href":"https:\/\/anicon.hr\/index.php\/wp-json\/wp\/v2\/users\/1"}],"replies":[{"embeddable":true,"href":"https:\/\/anicon.hr\/index.php\/wp-json\/wp\/v2\/comments?post=57"}],"version-history":[{"count":3,"href":"https:\/\/anicon.hr\/index.php\/wp-json\/wp\/v2\/pages\/57\/revisions"}],"predecessor-version":[{"id":83,"href":"https:\/\/anicon.hr\/index.php\/wp-json\/wp\/v2\/pages\/57\/revisions\/83"}],"wp:attachment":[{"href":"https:\/\/anicon.hr\/index.php\/wp-json\/wp\/v2\/media?parent=57"}],"curies":[{"name":"wp","href":"https:\/\/api.w.org\/{rel}","templated":true}]}}